7 - 67) + 65?
75
What is the value of -2 + 31 - ((77 - 64) + 0)?
16
6 - (-113 - (31 + -52))
98
What is -1 + -33 - (590 - 589)?
-35
Evaluate 4421 + -4364 + -56 + 2.
3
50 + 78 + -27 + (5 - (-2 + 3)) + 1
106
What is the value of -55 + 56 + 5 + 15 + 1 + -1?
21
(0 + -2 - (115 + -110)) + 60
53
Evaluate (-8 - -45) + -49 - ((4 - 0) + 4).
-20
-37 + 4 + (-703 - -718)
-18
What is the value of 64 + ((-1 - 5) + -5 - 9)?
44
What is the value of -36 + -1 + (-219 + 166 - -80)?
-10
What is -18 + -39 + 29 - -46?
18
Evaluate -42 - (-33 - 9) - (1 - -1 - (2 + 36)).
36
Evaluate -9 + -93 + 51 + 37.
-14
27 + (2 - (4 - (-6 + -4)))
15
Evaluate 20 + 23 + (14 - 3 - 1).
53
Calculate (43 - -1) + -6 - (82 + -73).
29
Evaluate (-6 - (6 - 13)) + -63 + (-33 - (-38 - 7)).
-50
What is 3 - 4 - ((11 + (-26 - 6) - 0) + 9)?
11
What is the value of 13 - (-24 + 10) - (-1 - -9 - 4)?
23
16 - (23 + (-15 - (-4 + 3)) + -58)
65
What is the value of 2 + 9 - (8 - (-16 - (-27 + 12 + 12)))?
-10
Calculate (11 - (0 - -4)) + 5 + (0 - 25).
-13
What is the value of (187 - (-182 - -371)) + -8 + 1 + -2?
-11
Evaluate 8 - (19 + -25 - 18) - 1.
31
Calculate 11 - 2 - ((90 - 53) + 26).
-54
Evaluate -198 - -54 - ((4 - -10) + -56).
-102
What is the value of -2797 + 2774 - (-1 + -52)?
30
Calculate -2 + (2 - 1) + 0 + -2985 + 3045.
59
Evaluate 70 + -88 - (-2 - -1 - (-9 - 0)).
-26
Evaluate 164 + -29 + (22 - 0) + -43.
114
Calculate -9 + (3 - 2) + (41 + -21 - 57) - -8.
-37
Calculate -2023 + 1858 - (2 + -64).
-103
What is the value of (150 - 117) + 43 + (-1 - -1)?
76
Calculate 22 - (-10 - (-27 - -16) - -40).
-19
What is the value of 2211 + -2283 + (4 - -82)?
14
Evaluate -16 - (15 + -39) - (3 + (2 - 2)).
5
Calculate (-40 - 64) + (245 - 175).
-34
-9 + -19 - -12 - (3 - -7)
-26
Calculate (-208 - -23 - -179) + -2 + 29 + -1.
20
What is (0 + -7 - 26) + 1 + 7 - -10?
-15
Evaluate 0 - 19 - (33 + -11 - 94).
53
Evaluate (-54 - (-15 + -4)) + 6.
-29
Evaluate 60 + -12 + (-20 - (-53 + 19 - -20)).
42
Evaluate (40 - 26 - (-64 - (5 + -2 + 8))) + -2.
87
Evaluate (106 + 11 - 130) + (13 - 1 - -1).
0
Evaluate 1 + -45 - ((16 - 3 - 0) + 131 + -150).
-38
Evaluate 32 - (-52 + 74) - (-1 + (-83 - -3)).
91
What is the value of 3 - 2 - (-76 + -18 + 26 + 4)?
65
Calculate -1 + (25 - (2 + (-14 + 10 + -10 - -8))).
28
What is the value of -30 + (17 + -24 + -14 - -21)?
-30
What is the value of 158 + -140 + -30 + (0 - -7) + -1 + 66?
60
Calculate (-36 - 1) + 14711 + -14715.
-41
Evaluate 70 - ((-10 - -12 - -1 - 4) + (-12 - 2)).
85
Evaluate -82 - (-97 + (16 - -31)).
-32
Evaluate (-1 - -98 - (8 + (10 - 22))) + (-46 - -44).
99
What is (9 - 21) + -14 + 17 + -25?
-34
Calculate (22 + 21 - 108) + 58.
-7
What is the value of 10 + (-24 - -53) + -54?
-15
Evaluate (8 + -84 - 6) + 71 + -49.
-60
Evaluate (2 + 1 - (59 - 114)) + (2 - 5).
55
(24 + -25 - -5) + 15 + -22
-3
What is the value of (-116 - 2) + (272 - 213)?
-59
What is the value of 2 + (-20 - (11 - (1 - 4))) + (1 - 0)?
-31
What is the value of -28 + 12 + (98 + -56 - -65)?
91
Evaluate (1576 - 1507) + (-44 - -1).
26
What is the value of 122 + 17 + 8 + -22 + 11 + -4?
132
Evaluate 628 + -615 + -4 + -11.
-2
What is -3 + -27 + (3611 - 3660)?
-79
-24 + 19 - (13 + 15 + -10)
-23
Calculate (-12 - ((-1 - -9) + (-77 - -40))) + -1.
16
What is the value of (-2 - 6) + 6 + 18 + -12 + (9 - 40)?
-27
Evaluate 41 + (-11 + (-8 - -10) - -37 - 14).
55
Evaluate -249 + 241 + (2 - 159 - 1) - -10 - -11.
-145
Calculate 48 + -84 + 87 - 46.
5
What is the value of -7 - (-15 + (-8 + (-15 - -12) - (-18 + -2)))?
-1
Evaluate 38 - 70 - (6 - 2) - (-34 + 29).
-31
5 + 6 + (-18 + (-17 - -7) - 1)
-18
What is the value of 8 - (-7 + -4 + (-1 + -11 - -29) + 11)?
-9
What is the value of (61 + -24 - 52) + -4 + (5 - -148)?
134
What is -50 - (13 - 44) - -39 - 82?
-62
What is 11 - (13 - (5 + 17)) - -29?
49
What is the value of (11 + -29 - -52 - -9) + 15?
58
Calculate -10 + 1 + -10 + (7 - (15 - 10)).
-17
What is 20 + -12 - -34 - 40?
2
What is 3 - (36 - (-20 - (27 + -56)))?
-24
What is -39 + 1103 + -933 + -1 + -29?
101
What is the value of 169 + -146 + -70 + 3?
-44
Calculate (102 - (207 + -95)) + 34.
24
What is (-34754 - -34711) + 1 + -10?
-52
Calculate -4 + -5 - ((2 - -1) + -48 + -75 + 80).
31
4 - (-6 - (-7 - (-4 + 4)) - -43) - -1
-39
Evaluate (16 - (-54 + 18 + -34)) + -14.
72
Calculate 0 + 19 + -22589 + 22536.
-34
What is 8 - (29 + (5 + -14 - 4) + -39 + -1)?
32
Evaluate -42 + 39 - -148 - 52.
93
What is -2 + (0 - -34) + -38 + 43?
37
What is the value of 7 + (-15 + (-8 - (-3 + 7 - 13)) - 10)?
-17
What is 129 + (7 - -48 - 23 - 40) + (-6 - -1)?
116
-137 - (62 + -42 - 104)
-53
What is 9 + (2 + -2 + 5 - (55 + -46))?
5
What is (1 - 0) + (-35 - (-7 - 21)) + (-8 - 56)?
-70
Calculate -1 - -9 - (-15 + 19) - (-458 + 470).
-8
-62 - -29 - -43 - (0 + -8 - 5)
23
Calculate (30 - -15) + (5 - -4) + 1.
55
Calculate (47 - 23) + -77 - 26.
-79
2 + 54 + -8 + (210 - 198)
60
11 + (-6 + 41 - 13 - (15 + -2))
20
What is the value of -5 + (1 + 4 - ((-10 - 11) + 12)) - -44?
53
What is 19 - (-6201 + 6104 + (14 - (-1 + 0)))?
101
(-3 - -7) + (21 - (2 - (39 + -21)))
41
What is the value of -7 + 0 + (2 + -2 - -13) + -12?
-6
Calculate 30 - (-4 + (7 - 12) - (13 + -9)).
43
What is 9 + 0 + -13 - (118 - 76)?
-46
4 - -1 - (54 + -1 + -1 + -58 + 61)
-50
Calculate -12 + (53 - (-9 + (10 - 12))) + -9.
43
What is the value of -27 + -2 + 8 - 72 - -4?
-89
Calculate -10 + (20 - (39 - 20)) + 3 + -24.
-30
What is -16 + (-1 - (-1 + -3 + 0 + 5)) - -8?
-10
-10 - (-5 + 7 + 9 + -1) - 2
-22
Evaluate (31 + -46 - (-28 - 1)) + 15 + 19.
48
Calculate (-54 - 2) + (12 - 21 - -7 - -4).
-54
-70 + 103 - (-8 - -10)
31
What is 3456 + -3449 - (1 - -44)?
-38
-8 - (32 + -6 + 24)
-58
What is (-73 - 1) + 6 + -11 + -12 + 9?
-82
-15 + (49 - (-57 + 91))
0
Evaluate -43 - -38 - (2 - 16).
9
Evaluate -37 - (-60 + -6 + 31).
-2
Evaluate -10 - (8 + -47 + 17).
12
(-3 - 8 - (1 + 0) - (-6187 + 6180)) + 71
66
Evaluate 2 + (-1 + 17 - (26 + (7 - 18) - 23)).
26
What is the value of 1 + -14 - (-507 + 481) - (-1 - -19)?
-5
(1 - -45) + (-12 - (-27 + 28 - 21))
54
What is the value of 2844 - 2797 - (119 + 0)?
-72
Calculate -6 + -20 + (31 - 12) + -37.
-44
-30 + (-16 - 5) + 17 - -3
-31
Evaluate -12 - (1 + 13 - 26) - 8.
-8
Evaluate (9 - (7 - (-16 + 21) - 2)) + -70.
-61
Evaluate 14 + (-36 - -22 - -16).
16
Calculate 4 - (8 - 24 - -10 - (-1 + -2) - -38).
-31
What is the value of 4 - (15 + -41 + 1 - -54)?
-25
Calculate -33 + 45 + (-101 + (0 + 2 - -2) - -4).
-81
Calculate -111 - (-70 - (67 + -84)).
-58
Evaluate -27 + (44 + -51 - (3 - 9)).
-28
What is the value of -24 - (-1635 + 1665 + 0 + -17)?
-37
What is the value of 12 + (-9 + -2 - (-3 + -46)) + 1?
51
-248 - -208 - (11 + 1) - -21
-31
What is the value of (-3 - -1) + -5 + (-43 - 14)?
-64
(87 - 94) + (7 - (4 + -13 - -79))
-70
Calculate -1 - (0 - -69) - (5 + (12 + 19 - 23)).
-83
What is the value of -19 - (-106 + 74) - (9 + -3 - 139)?
146
-21 - (-47 + 10 + -10 + 26)
0
Evaluate 94 + 10 + (87 - (108 - -27)).
56
Calculate -4 + 61 - (819 + -739).
-23
What is -47 + 62 - ((-13 - -14) + -11)?
25
What is -4 + 9 + -14 + 1 + 4 + (-5 - 20)?
-29
Calculate -6 + 5 + (-9 - 1) + -13 + (19 - 37).
-42
What is the value of -6523 + 6475 - (12 + -1)?
-59
What is 27 + -11 + 16 + (3 - 3) + -4?
28
14 - -81 - (-18 + 3 + -10 + 47)
73
Evaluate (-26 - (-12 + -14)) + 45 + 1 + 0.
46
Evaluate -5 - (-12 + (17 - (26 + -3))).
13
What is -11 + 7 - (-74 + 2) - (-9 - (-23 + 15))?
69
44 + (26 - 58) + 18
30
Evaluate (1 - -13) + -14 + (-8 - (-11 + 1)).
2
What is the value of 0 + -1 + -94 + (63 - 41) + -62 + 50?
-85
Evaluate (-48 - -16 - 33) + 38.
-27
What is the value of -34 - (-57 + (-76 - -38))?
61
What is -24 + 15 + 65 + -82?
-26
-483 - -541 - (-9 + 48)
19
What is -46 - (-37 - 8) - (-51 - 4)?
54
What is 56 + (-24 - -125 - 273)?
-116
What is the value of 2 + -9 - ((5 - -1) + (-21 - -4))?
4
What is 37 + 0 + -249 + 178?
-34
Calculate (1 - 1 - ((29 - 7) + -27)) + 33 - -9.
47
What is the value of 27 + (-34 - 15) - -12?
-10
Evaluate 209 + -231 - (9 + -6 + -37).
12
Evaluate (9 - (5 + 5)) + -66 + (-4 - -1) + 6.
-64
What is -1 + (0 - (-32 + 34)) - (-1 + -19)?
17
Evaluate -2 - 0 - (30 - 40).
8
Evaluate -4147 + 4151 - (1 + -1 + -19 + 4 + -3).
22
Evaluate 26 + 13 + -6 - ((-4 - -19) + -23).
41
1 - 8 - (101 + -67 + -30 + 17)
-28
Evaluate -38 + -64 + -4 + (17 